(5/225). What is the highest common divisor of i and h?
18
Let p be 28/(-6)*(-270)/21. Let a = 35 + -20. Calculate the greatest common divisor of a and p.
15
Let b be (-4*2)/((-3)/9). Suppose -o + b = o. Calculate the highest common factor of o and 24.
12
Let h be (-4)/(-10) - 196/(-10). Suppose -i + 3*x = 3, 3*i - 5 = 4*i - 5*x. Suppose i*g = -g + 30. What is the greatest common divisor of g and h?
10
Let l(a) be the second derivative of 28*a**5/5 + a**3/6 - a**2/2 - 3*a. Let x be l(1). Calculate the greatest common divisor of 14 and x.
14
Suppose 7*t - 12 = 9. Calculate the highest common factor of 3 and t.
3
Let x(p) = -12*p - 1. Let t be x(-4). Let g = -32 + t. What is the highest common divisor of g and 3?
3
Suppose -5*d + 3*o + 186 = 0, -d + 3*o + 114 = 2*d. What is the highest common factor of d and 72?
36
Suppose -5*s + 132 = 2*i, -2*i + 51 = -3*s + 143. Suppose 5*c = -4*r + 68, 3*r - s = -0*r + 2*c. Calculate the greatest common divisor of r and 3.
3
Let h = -1 + 3. Suppose -f + 18 = -4*l - 21, 4*f - h*l - 114 = 0. Suppose -3*z = 3*j - f, -3*j + 37 = 5*z - 2*j. Calculate the highest common factor of 1 and z.
1
Let i(y) = 3*y**2 + y - 1. Let v be i(-7). Suppose 4*f + 43 - v = 0. Let k be (-290)/(-8) - 2/8. Calculate the highest common factor of f and k.
12
Suppose 4*m = m + 6. Let u(d) = d - 13*d**3 + 7*d**3 + 2 - 4*d**2 + m*d**2. Let x be u(-3). Calculate the greatest common factor of x and 13.
13
Let x = 32 + -11. Calculate the highest common factor of x and 21.
21
Let r be ((-8)/(-6))/((-1)/3). Let w = r + 7. Suppose j = -p + 20, 0*j + p + 40 = 3*j. What is the greatest common divisor of j and w?
3
Let q(z) = -z**2 - 14*z + 5. Let m be q(-13). Calculate the highest common factor of 6 and m.
6
Suppose 4*q + 3*b - 71 = 0, 2*q - 10 - 43 = -5*b. Let c(x) = 43*x**3 - x**2 + x - 1. Let a be c(1). What is the greatest common factor of q and a?
14
Let l(b) = -9*b - 9. Let w(s) = s**2 + 7*s - 6. Let k be w(-7). Let g be l(k). Calculate the greatest common divisor of 5 and g.
5
Let p(k) = -26*k - 10. Let v be p(-5). Suppose s + s = v. Calculate the highest common divisor of s and 24.
12
Let o be ((-30)/(-4))/((-3)/(-6)). Calculate the highest common divisor of o and 3.
3
Let q(v) = 3*v**2 + v + 1. Let u be q(-1). Suppose 333 - 21 = 3*l - x, 312 = u*l + x. What is the greatest common divisor of 13 and l?
13
Suppose -a = -3*d + 18, -3*a - 4 = -5*d + 26. Let o(j) = j**2 - 5*j + 12. Let w be o(d). What is the greatest common divisor of w and 12?
6
Let x(y) = -10*y - 18. Let m be x(-11). Calculate the greatest common factor of 23 and m.
23
Let h be (3/(-1))/(-3) - -1. Let a be (-1)/(4/(-24)*h). Calculate the greatest common divisor of a and 27.
3
Let w = -1 - -46. Let j be -9*(0 + 2/(-2)). Calculate the greatest common factor of j and w.
9
Let h be 1*((-494)/(-2) - 2). What is the highest common factor of 35 and h?
35
Suppose 5*q + t = 349, -q + 0*t - 3*t = -67. Calculate the greatest common divisor of q and 105.
35
Let l = -130 + 133. Let f = 6 - -3. What is the highest common divisor of l and f?
3
Suppose 2*z = 3*y - 61, 89 = 4*y - 4*z + 13. Suppose f + 5*a - 6 = 0, 3*a - 9 = f - y. Calculate the greatest common factor of f and 11.
11
Let j(w) = w + 8 - w**3 - w**2 + 0*w**2 + 0*w**2. Let o be j(0). Calculate the highest common factor of o and 24.
8
Let d be ((-5)/(-3))/(2/96). Let a = 25 + -9. Calculate the highest common divisor of a and d.
16
Suppose 0 + 3 = 3*j. Let f = 5 + 3. Calculate the greatest common factor of f and j.
1
Let s(h) = -h**3 + h**2 + 144. Let x be s(0). Suppose -a + x = 3*a. Let j = -54 + 78. What is the greatest common divisor of j and a?
12
Let i be 22/(-8) + 2/(-8). Let f be -2 + (-4)/(-1) - i. Let y be ((-8)/8)/(2/(-90)). What is the highest common factor of f and y?
5
Let k(r) = -3*r**2 + 1 - 1 + 1 - 8*r**3 + r**2. Let a be k(-1). Suppose -5*o - 3*j = 10, -o = 4*o + 4*j + 15. Calculate the greatest common factor of a and o.
1
Let n(l) = l**3 + 7*l**2 - l - 5. Let f be n(-7). Let j = f - 3. Let s be 53/(1 + 0) - j. Calculate the highest common factor of s and 6.
6
Let j(a) = 3*a - 5*a - a + 2*a + 9. Let o be j(6). Let b = 116 + -83. What is the highest common factor of b and o?
3
Let z(g) = -g**3 - 13*g**2 + 2*g + 2. Let i be z(-13). Let k be i*(-4)/(2 + 2). What is the highest common factor of k and 3?
3
Let r = -56 + 80. Calculate the greatest common divisor of r and 192.
24
Suppose 0 = j, j = 5*n - 0*j - 60. Calculate the highest common divisor of 96 and n.
12
Let y = -43 - -73. Suppose 0 = -t - 0*t - 9. Let j be (3/9 - 2)*t. What is the highest common factor of j and y?
15
Suppose -z - 5*f + 13 + 4 = 0, -2*z + f + 1 = 0. Let q be ((-6)/15)/(z/(-120)). Calculate the greatest common divisor of 8 and q.
8
Let v(h) = -6*h**2 - 2*h - 1. Let a be v(-1). Let l = 5 + a. Let i = 7 - l. Calculate the greatest common factor of i and 28.
7
Let k(a) = 7*a**3 - 2*a + 1. Let n be k(1). Suppose -n*w + 51 = -3*w. What is the greatest common factor of 187 and w?
17
Suppose -3*k - q = -2*q - 69, -q - 117 = -5*k. Suppose v - 240 = -v. What is the highest common factor of k and v?
24
Let l = -17 - -41. Suppose 102 = -6*p + 462. What is the greatest common factor of l and p?
12
Let q = 35 + 13. Calculate the highest common divisor of q and 16.
16
Let o = -4 - -16. What is the greatest common factor of 16 and o?
4
Let p = -8 + 5. Let c(f) = 7*f**2 + 1. Let i be c(p). Suppose 0 = 5*s + 9 - 49. What is the highest common divisor of s and i?
8
Let y = -6 + 3. Let n = 11 + y. What is the highest common divisor of 1 and n?
1
Suppose 0 = -4*x + 3*s + 22, 2*x + 2*x - s - 18 = 0. Suppose -c = -p - 0*p - 4, -5*p - x = -3*c. What is the highest common factor of 72 and c?
8
Suppose 2*w - 202 = d - 83, -w + 57 = -3*d. Let x(c) = -23*c**3 + c**2 + c + 1. Let r be x(-1). What is the highest common divisor of r and w?
12
Suppose -2*q + 20 = 3*q. Suppose -2*p = 5*l - 4*l - 8, q*p = -5*l + 28. What is the highest common divisor of 44 and l?
4
Let k be 3 - (-175 - (-2 - 0)). Suppose -f = 3*f - k. What is the greatest common factor of 11 and f?
11
Let m = 21 - 0. Suppose 3*v - 6*v = -m. What is the greatest common factor of v and 21?
7
Suppose 0 = -5*r - t + 13, -4*r + 3*t - 4 = -3. Suppose 0 = -4*u + 4*x + 21 + 35, r*u = -2*x + 20. What is the greatest common divisor of u and 12?
12
Suppose -22 = -5*t - 4*v, -2*t - 2*v + 0*v + 8 = 0. Let k = 47 + -29. Calculate the highest common factor of k and t.
6
Let p be 12/2 - 1/1. Let k be 3/(-6)*-1*2. What is the greatest common factor of p and k?
1
Suppose 2*u + 3*u - 5*m = 35, -m + 5 = 0. Calculate the greatest common divisor of 9 and u.
3
Let y = 234 - 159. What is the greatest common factor of 50 and y?
25
Let l be (-2)/(-6)*(26 + -5). Suppose x + 0*x - 21 = -3*d, 2*d + 3*x = l. What is the highest common factor of 1 and d?
1
Suppose 25 = -4*b + 1. Let o be -4*3/b - 1. Suppose 2*n - 6*n + 36 = 0. Calculate the greatest common factor of n and o.
1
Let k(f) = -f**3 + 5*f**2 - 4*f + 2. Let a be k(4). Suppose -2*z - a = -3*z. What is the greatest common factor of z and 22?
2
Suppose 0 = -3*z + 28 - 13. Suppose z*c - 4*c - 13 = 0. What is the greatest common divisor of c and 143?
13
Let h = 2 + -16. Let q be (h/(-2))/((-2)/(-8)). Suppose g - 5*c - 24 = 0, -5*g + g + 3*c = -q. What is the greatest common factor of g and 12?
4
Suppose 432 = -4*t + 712. What is the highest common divisor of 35 and t?
35
Suppose 0 = 3*t - 40 - 50. Let h = 296 - 293. Calculate the greatest common divisor of h and t.
3
Suppose 5*n + 2*r - 146 = 3*r, 0 = -3*n - r + 94. What is the greatest common factor of 10 and n?
10
Suppose 4*c - c + 165 = 2*t, 3*c - 171 = -2*t. Let u(i) = i**2 - 3*i - 3. Let f be u(-4). Let w = f + -13. Calculate the highest common divisor of t and w.
12
Let c be (-1320)/48*(-32)/10. What is the highest common divisor of c and 33?
11
Let o be 1*(2 - (2 + -5)). Suppose -k - 4*m - 8 = 9, 4*m = -20. Suppose 4*r - n = 12, -2*n = o + k. Calculate the greatest common divisor of 10 and r.
2
Suppose 7*n + 2 = 2*n - 4*q, 2*q - 4 = -5*n. Let s be 74/n - (7 - 5). Calculate the highest common divisor of 5 and s.
5
Suppose 27 = k - 5*x, 45 = 4*k - 5*x - 3. Calculate the greatest common factor of 7 and k.
7
Let c = 11 + -7. Wha